se 2*m = -3*u + 162, 386 = 5*m + u - n*u. List the prime factors of m.
2, 3, 13
Suppose 3397 = -3*x + 748. Let r = x + 1913. List the prime factors of r.
2, 5, 103
Suppose -131*w = 5*k - 125*w - 260716, -4*k + 3*w + 208643 = 0. What are the prime factors of k?
2, 89, 293
Let l = -45 + 54. List the prime factors of ((-2)/l - 1249/9)/(-1).
139
Let u = -20242 - -34963. What are the prime factors of u?
3, 7, 701
Let d = 27753 + -17968. List the prime factors of d.
5, 19, 103
List the prime factors of (-1)/27*-587652 - 3/(-27).
3, 5, 1451
Suppose -2*v - 4*g + 503 = -463, -2*g + 972 = 2*v. What are the prime factors of (-4 + -5 - -5) + v?
5, 97
What are the prime factors of (-2 - -4)*(346647/168 + (-1)/(-8))?
4127
Suppose 3*k - 4*q + 4 = -1, -2*k = -2*q. Suppose 0 = -2*t - 4*z + 244, 8*z + 132 = t + k*z. Let f = 181 - t. List the prime factors of f.
5, 11
Let q = 205 + -137. Let w = q - 64. List the prime factors of -4*(-3)/3*w.
2
Let n(x) = 185*x**2 + 0 + 68*x**2 - 2*x - 21*x**2 + 1. List the prime factors of n(1).
3, 7, 11
Let x(b) = 26*b + 81. Suppose 5*p + 2*c + c = 68, 4*p = 3*c + 49. What are the prime factors of x(p)?
419
Let o(p) = 18*p - 53. Let k = -73 - -84. Suppose -4*m + 51 = 3*x, -2*x - k = -5*m + 24. What are the prime factors of o(m)?
109
Let z be (1/(14/(-132)))/((-9)/252). Suppose -7*d - z = -2273. List the prime factors of d.
7, 41
Suppose -23913 - 27890 - 3373 = -88*y. What are the prime factors of y?
3, 11, 19
Suppose -2*z = -5*t - 4 + 2, 5*t = -20. Let b(p) = 27*p - 183. Let u be b(7). Let k = u - z. List the prime factors of k.
3, 5
Let g = -149 - -148. List the prime factors of -3*((-595)/(-20))/g*4.
3, 7, 17
Suppose 10*v - 193780 = -4*f, 11*v + 193708 = 4*f + 12*v. List the prime factors of f.
5, 13, 149
Suppose -3*a + 307 = -u, -a + u = -u - 94. List the prime factors of a.
2, 13
Let n = -26 - -18. Let t = n + 4. Let z(q) = -16*q + 3. What are the prime factors of z(t)?
67
List the prime factors of (-2456551)/(-830) + 9/30.
2, 5, 37
Let z(y) = -907*y + 2458. List the prime factors of z(-14).
2, 3, 421
Let t(y) = y**2 - 77*y - 121. Let d be t(35). Let h = -946 - d. List the prime factors of h.
3, 5, 43
Let o = -620 - -619. What are the prime factors of -6 - 24092/(-57)*(2 - o)?
2, 631
Suppose -2*g - 35094 - 28086 = -5*j, -4*j = 5*g - 50577. What are the prime factors of j?
2, 71, 89
Let u(h) = -h**2 - h + 39. Let o be u(-6). List the prime factors of (-11)/((-693)/644) - 2/o.
2, 5
Let i = -72240 + 112421. What are the prime factors of i?
23, 1747
Let l(u) = 1482*u - 961. List the prime factors of l(9).
12377
Let k = -971 + 535. Let m = k + 1066. What are the prime factors of m?
2, 3, 5, 7
Let d(s) = -5*s + 119. Let i be d(19). Suppose -4367 = -i*a + 433. What are the prime factors of a?
2, 5
Let p = -554 - -192. Let n = p - -726. List the prime factors of n.
2, 7, 13
Let g be (2 - (-92 + 2)) + -2 + 0. Let f = g + 37. Let o = f + -39. What are the prime factors of o?
2, 11
Let p be (99/(-132))/(1 - (-10)/(-8)). Suppose -4*a - 13 = -5*j, -a - p*j + 1 = -0*j. List the prime factors of -4 + a/(8/(-500)).
11
What are the prime factors of (114/(-190) - 28/(-5)) + 9770?
5, 17, 23
List the prime factors of -4 + 62/15 + (-717280)/(-150).
2, 3, 797
Let o(c) = 0*c + 1 + 9 + 0*c - 2*c. Let g be o(-4). List the prime factors of 4/((-48)/g)*(-10)/1.
3, 5
Suppose 3*s = 6, 3*l + s + 25338 = 5*l. List the prime factors of l.
2, 5, 7, 181
Suppose -53*y = 14*y - 14539. What are the prime factors of y?
7, 31
Let t = -11812 + 17209. Suppose t = 25*j - 4*j. What are the prime factors of j?
257
Let y = -6374 - -10144. What are the prime factors of y?
2, 5, 13, 29
Let p(v) = 2181*v + 3506. List the prime factors of p(13).
31859
Suppose 57 = -12*t + 213. Suppose t*s = 18*s - 50. Suppose -x - 2*z - 3*z = -147, -2*z - s = 0. List the prime factors of x.
2, 43
Let u = -18 + -25. Let s = 1533 + -1486. Let k = s + u. List the prime factors of k.
2
Let a = 776 + -724. Suppose z - a = 182. List the prime factors of z.
2, 3, 13
Let f(w) = 9*w + 219. Let v(i) = -i**3 + 16*i**2 + 6*i + 11. Let u be v(16). Suppose 0 = -u*l + 108*l. What are the prime factors of f(l)?
3, 73
Let h(g) = -79*g - 16 + 15*g - 7*g - 23*g. Let y(j) = 47*j + 8. Let s(f) = -3*h(f) - 7*y(f). What are the prime factors of s(-2)?
2, 43
Suppose 14 = 4*s - 3*c, 4*c - 22 = -2*s - 4. Let q(f) = 183*f + 107. What are the prime factors of q(s)?
2, 7, 73
Suppose -s = -4*s + 3. Let l = -1628 - -1658. List the prime factors of ((-40)/1 - s)/((-5)/l).
2, 3, 41
Suppose 0 = 3*y - 9, 47*h - 46*h - 4*y - 2255 = 0. What are the prime factors of h?
2267
Let m be (-2)/(-5)*(7 - (5 - 8)). What are the prime factors of (-3)/((-3)/326) + (-12)/m?
17, 19
Let f(q) = 0 + 2*q - 8 - 861*q**2 + 0*q + 869*q**2 - q**3. Let p be f(8). List the prime factors of 10/p - (-1245)/12.
3, 5, 7
Let q be ((-411)/(-2))/(21/(-6) + 4). Let c = q + -232. List the prime factors of c.
179
List the prime factors of 140*(-7 - 4949/(-28)).
5, 7, 97
Suppose 12 + 38 = 2*r. Let b(l) = -l**3 + 24*l**2 + 34*l + 25. Let o be b(r). Let p = -131 + o. What are the prime factors of p?
7, 17
Let z = -1430 - -2547. Suppose -3*y + g = -z, 415 = 2*y - 5*g - 347. What are the prime factors of y?
7, 53
Suppose 0 = -4*z + 645 - 25. Suppose 8*j - z = 21. What are the prime factors of j?
2, 11
Suppose 20*h = 7*h + 26. Suppose 0 = 4*v - v + h*b - 4058, -5*v = 3*b - 6765. What are the prime factors of v?
2, 3, 113
Let v(g) = 37287*g + 1181. List the prime factors of v(1).
2, 59, 163
Let k(z) = 7*z + 94. Suppose -5*q = -2*v + 26, 5*q + 4*v + 28 = -10. Let j(w) = -7*w - 95. Let l(p) = q*k(p) - 7*j(p). What are the prime factors of l(0)?
101
Suppose 2*c = -3*c - 25, 4*a + 16 = -4*c. Suppose 0 = -3*u + 4*u + a. Let q(h) = -27*h**3 - h - 1. What are the prime factors of q(u)?
3
Suppose 4*s = 20, -p + 2*p - 747 = -2*s. Suppose 4*f + y = p, -2*f + f = -3*y - 194. Suppose -20*u = -19*u - f. List the prime factors of u.
5, 37
Let a be ((-2)/6)/(1/33). Let x(h) = -22*h - 23. Let k(i) = -i - 1. Let c(f) = -2*k(f) + x(f). What are the prime factors of c(a)?
199
Suppose 0 = 4*f + y - 4, -7 = f - y - 3. Suppose v + 4*v + 5*a + 215 = 0, f = 5*a + 5. What are the prime factors of (v/4)/(-7)*64?
2, 3
Suppose 0 = 3*c - 0*c + 5*g - 11, -5*g + 3 = -c. Suppose -3*j - 4*b = -1224, c*j + 2*b - 1230 = -j. Suppose 3*w - j = w. What are the prime factors of w?
2, 103
Let a be -1*((-4 - 0) + 2). Suppose 4*j - a*n = 2488, -2488 = -4*j - 25*n + 22*n. List the prime factors of j.
2, 311
Let s = 2521 - 1159. List the prime factors of s.
2, 3, 227
Let d = 11731 + -1556. Suppose 34*t - d = 9*t. What are the prime factors of t?
11, 37
Let b be (-2 - -1)/(2/(-4)). Suppose 2*r + 333 = 4*q + 23, 0 = 5*q - b*r - 387. Suppose 197 = 5*l + q. List the prime factors of l.
2, 3
What are the prime factors of (2329/255 - 4/30)/(9/28746)?
2, 3, 1597
Suppose 9*n - 9*n = -49*n + 2488612. What are the prime factors of n?
2, 12697
What are the prime factors of (-22)/(-121) - (-2)/(-44)*-132766?
5, 17, 71
Suppose -3*g + 32064 = -d, 3*d + 1776 + 19593 = 2*g. List the prime factors of g.
3, 7, 509
Suppose 237*i - 4234005 = 4164327. What are the prime factors of i?
2, 3, 2953
Suppose 6*b + 5*c + 10 = 2*b, 3*b + 10 = -5*c. Suppose q + 4*w = 141 + 127, -5*w - 10 = b. List the prime factors of q.
2, 3, 23
Let u = 19991 - -16100. List the prime factors of u.
11, 17, 193
Suppose -2*b + 85 = 21. Suppose 2*z - b = 3*z. List the prime factors of (-2 + 9)/(4 + 124/z).
2, 7
Let r(z) = -254*z - 92. Let f be r(-3). Let y = 480 + f. List the prime factors of y.
2, 5, 23
Let x(a) = 2*a**2 - a - 5. Let z = -39 - -37. Let w be x(z). Suppose w*f + 76 = 6*f. What are the prime factors of f?
2, 19
Let u = -45 + 51. Suppose -2*a = -u*a + 904. Suppose 0 = -7*r + a + 481. List the prime factors of r.
101
Suppose c + 1 = 36. Suppose -4*j + 43 = c. What are the prime factors of 30/j*10/25?
2, 3
Let g be (0 - (-4767)/9) + (-14)/21. Let a = 1294 - g. What are the prime factors of a?
3, 5, 17
Suppose -4*s - 108 = -316. Let i = s - -46. List the prime factors of i.
2, 7
List the prime factors of 35*(9 + (-6220)/(-25)).
7, 1289
Let l = -217 - -287. Suppose -77*t = -l*t - 1421. List the prime factors of t.
7, 29
Let m be 141/9 - 4/6.